he remainder when s is divided by -5 + 37 - (3 - 1)?
26
Suppose -547 - 383 = -22*m + 434. Calculate the remainder when 1608 is divided by m.
58
Suppose 0 = 67*s - 242 - 2170. Calculate the remainder when 1145 is divided by s.
29
Let t = 100 + -329. Let l = t + 245. What is the remainder when 223 is divided by l?
15
Suppose -705 = -4*n - n. Let h be ((0 - 1)*1)/((-9)/45). Suppose 4*p + 9 = h*p. What is the remainder when n is divided by p?
6
Let w(t) = t**3 + 18*t**2 - 10*t - 17 - 4*t**2 - 23 - 1. What is the remainder when w(-14) is divided by 18?
9
Let t(p) = -61*p + 18. Let k(u) = -61*u + 19. Let s(f) = 3*k(f) - 4*t(f). Calculate the remainder when s(3) is divided by 34.
32
Let v = -22 + 134. Let x(c) = -43*c**2 + 298*c + 79. Calculate the remainder when v is divided by x(7).
54
Let f(q) = -11*q - 23. Let h be f(-3). Let m = h - 1. Suppose 8*n - 26 = 6*n. Calculate the remainder when n is divided by m.
4
Suppose 3*l + 227 = 2*y + 552, l = -5*y + 80. What is the remainder when 1889 is divided by l?
104
Let x(r) = 215*r - 422. What is the remainder when x(4) is divided by 28?
18
What is the remainder when 4/2 + 2 - (-15 + -1532 + 13) is divided by 103?
96
Let v(n) = -n**3 + 2*n**2 - 4*n - 4. Suppose -18 = y - 15. Let q be v(y). Let s = 56 - q. What is the remainder when 6 is divided by s?
0
Let z = -152 - -96. What is the remainder when 25 is divided by ((-16)/(-3))/(z/(-84))?
1
Let s(x) = 2*x**2 - 4*x - 3. Let c = 12288 - 12269. Calculate the remainder when c is divided by s(-2).
6
Let v = -8 - -25. Calculate the remainder when 8/(-12)*(2 - v) is divided by 4.
2
Suppose 18*k + 5*j = 20*k - 735, 0 = 2*j + 2. Suppose 29*x = 335 + 738. Calculate the remainder when k is divided by x.
32
Suppose -57*s + 20948 = -5017 - 1680. What is the remainder when 972 is divided by s?
2
Suppose 2*x = 4*x - 42. Suppose -3*u - 166 = -5*m + 2707, -2300 = -4*m + 4*u. Suppose m*l + 366 = 580*l. Calculate the remainder when l is divided by x.
19
Let z(k) = -158*k - 5. Let s be z(5). Let g be (-8)/(-28) + s/(-35). Suppose -g = -5*b + 37. Calculate the remainder when 42 is divided by b.
6
Let o = 141 - 52. Let k = 345 - 322. What is the remainder when o is divided by k?
20
Suppose -15*n + 5816 = -11*n + 2*m, -m = -3*n + 4357. Calculate the remainder when n is divided by 16.
13
Suppose -4*r = -3*r - x - 188, -4*r + 761 = 5*x. Suppose 2*h - 12 = -2*h. Suppose h*a = -a + 192. What is the remainder when r is divided by a?
45
Let l = -110919 + 110939. What is the remainder when l is divided by ((-1)/2)/(2/(-8))?
0
Let p = -21 + 22. Suppose k + 5*c = -6, -19*k + 22*k + 3*c = 18. Calculate the remainder when k is divided by p.
0
Let o(d) be the second derivative of -5*d**3/3 + 33*d**2/2 + 2*d + 10. What is the remainder when 124 is divided by o(0)?
25
Let s(d) = -34*d + 5. Calculate the remainder when s(-3) is divided by (4/6)/(3/(-9)) - (14 + -19).
2
Let j = 1 - -3. Let f be 1277/6 - j/(-24). Suppose 5*w + 118 + 16 = 3*c, -5*c - 2*w = -f. What is the remainder when c is divided by 12?
7
Let z = 6 + 12. Suppose 730*p + 154 = 741*p. Suppose p*v = z*v - 280. Calculate the remainder when v is divided by 26.
18
Let g = -84 - -102. Suppose 728 = 8*i + g*i. Suppose -n + 3*n = 222. What is the remainder when n is divided by i?
27
Let k(b) = -b**2 - 70*b - 9. Let w(h) = h**2 + 141*h + 18. Let n(t) = 5*k(t) + 3*w(t). Calculate the remainder when n(36) is divided by 3.
0
Suppose 0 = 103*t - 69*t - 2380. Calculate the remainder when 9099 is divided by t.
69
Suppose -3*q + 21 = y, -5*y + 40 = 3*q - 5. Let z(v) = 25*v + 28. What is the remainder when z(y) is divided by 30?
28
Let j(n) = n**2 + 8*n + 38. Calculate the remainder when j(-6) is divided by (-5)/((-45)/(-69))*-3.
3
Suppose 5*v + 47*d - 49*d - 1095 = 0, 4*v - 5*d - 859 = 0. What is the remainder when v is divided by 106?
9
Suppose 55*s - 9170 - 8705 = 0. What is the remainder when 997 is divided by s?
22
Let p = 2137 - 1956. Calculate the remainder when p is divided by 46.
43
What is the remainder when (64/32)/(-5 - 1533/(-306)) is divided by 76?
52
Let g = 122 - 52. Suppose 4*m + 113 = 5*f, 5*m - 74 = -2*f - 2*f. What is the remainder when g is divided by f?
7
Let x = -58 - -70. Let p(l) = 2*l - 22. Let s be p(13). Suppose 232 = -0*r + s*r. What is the remainder when r is divided by x?
10
Suppose -3*b - 3*g = -24, -3*b - 4*g - 446 + 469 = 0. What is the remainder when b is divided by (3/(-4))/(7 + (-177)/24)?
1
Suppose 92*d + 590 = 5*h + 94*d, 0 = -2*h - d + 237. Calculate the remainder when 7655 is divided by h.
115
Let b be 6/6 - -2*4. Suppose -b*m - 504 = 45. Let c = -20 - m. What is the remainder when c is divided by 9?
5
Let l be 15/(-6)*6/(-9)*-3. Let w(s) = 3*s + 60. What is the remainder when 125 is divided by w(l)?
35
Let f = 69 - 71. Let y(q) be the third derivative of q**6/120 + q**5/12 + q**4/24 - q**3/6 - 12*q**2. Calculate the remainder when 44 is divided by y(f).
8
Let p(o) = 740*o - 7803. Calculate the remainder when 3376 is divided by p(11).
6
Let w = -34 + 51. Let p = 116 + -113. Suppose -5*a = -5*z + 265, 2*z - 98 = p*a + a. Calculate the remainder when z is divided by w.
6
Suppose -2*z + z + 3 = 0. Suppose 0 = z*f - 12 - 30. Suppose 103*n = -118*n + 386*n - 3960. Calculate the remainder when n is divided by f.
10
Suppose 78670 - 10882 = 27*p - 6*p. What is the remainder when p is divided by 85?
83
Let r = -38 + 73. Calculate the remainder when (-1 + r/7)/(4/114) is divided by 17.
12
Let u(q) = 137*q - 927. Calculate the remainder when 90 is divided by u(7).
26
Let h(x) = 13*x**2 + 127 - 187 + 101 + x**3. Calculate the remainder when h(-13) is divided by 6.
5
Let l = 141 - 132. Suppose -5*i = 5*x - 70, l = 4*i + 2*x - 51. Calculate the remainder when 142 is divided by i.
14
Let t(p) be the third derivative of 11*p**4/24 - 17*p**3/2 - 51*p**2. What is the remainder when t(14) is divided by 54?
49
Suppose -283*v - 194577 = -274451 - 257462. Calculate the remainder when v is divided by 31.
14
Let o = -121 + 318. Calculate the remainder when o is divided by (-2 + 10/1)/(160/1360) + 1.
59
Suppose -2412 = 279*j - 288*j. Let v = 25 + 9. Calculate the remainder when j is divided by v.
30
Suppose -8*a = -5*a + 84. Let d(f) = f + 43. Let u = -2 + 8. What is the remainder when d(a) is divided by u?
3
Let y(x) = 48*x + 1819. Calculate the remainder when (-1140)/(-24)*(-18)/(-5) is divided by y(-37).
42
Suppose -4*l - 22 = -6. Let r(u) = u**2 - 17*u - 30. What is the remainder when r(-2) is divided by ((-6)/(-4))/((-2)/l)?
2
Suppose -12*k = -203 - 329 - 920. Calculate the remainder when 594 is divided by k.
110
Let k be (-39 - 0)/(4/(-12)). Suppose 16*a - k = 3*a. What is the remainder when 67 is divided by a?
4
Let v = 4655 + -4645. What is the remainder when 66 is divided by v?
6
Let x(s) = -5*s + 3*s**2 - 8*s + 0*s**3 + 3*s**3 + s + 29 - 6*s**2. Calculate the remainder when x(4) is divided by 11.
4
Suppose -34 = -6*h + 8. Suppose -2*d + 3*w + 16 = 0, 3*d + 4*w - 17 = 7. Let k = d + 17. What is the remainder when k is divided by h?
4
Suppose 5*l + 41*c - 37*c = -5, 1 = -l + 2*c. Let n(m) = 10*m + 27. What is the remainder when 92 is divided by n(l)?
7
Let c(o) = -14*o - 4. Suppose 4*f - 13 = -1. Let z be (1 - (f + -3))/((-2)/4). What is the remainder when c(z) is divided by 16?
8
What is the remainder when 979 is divided by -96*((-6)/4 + 49/(-28))?
43
Let i(s) = -s**3 - 16*s**2 + 11*s + 15. Let q be i(-17). Suppose -q*a + 110*a + 280 = 0. Calculate the remainder when 182 is divided by a.
22
Suppose -3*r + 0 + 18 = 0. Suppose 121*o - 780 = 69*o. What is the remainder when o is divided by r?
3
Let g be 22*(-6 + (-49)/(-7)). Let m = 45 - g. Calculate the remainder when 111 is divided by m.
19
Calculate the remainder when 898 is divided by 1276/44 - (-102)/(-6).
10
Let g = 40 - 8. What is the remainder when g is divided by 46/(736/144) + 6?
2
Let w = -1259 - -1278. What is the remainder when 1242 is divided by w?
7
Let h(j) = 2*j**2 - 24*j + 34. Let f(k) = -9*k**2 + 122*k - 168. Let n(z) = 2*f(z) + 11*h(z). Calculate the remainder when 20 is divided by n(2).
6
Let t(v) = v**3 + 35*v**2 - 58*v - 596. Calculate the remainder when t(-36) is divided by 11/((-165)/(-1521)) + (-6)/(-10).
94
Suppose 150 = 4*u - 338. Suppose 